 -l**2 + l + 1. Give w(z).
-1
Let v(r) = r**3 + 4*r**2 - 6*r - 7. Let u(b) = -b**3 - 2*b**2 + 3*b + 1. Suppose 0 = -6*o + 3*o - 9, 0 = 5*z + 2*o + 16. Let x be u(z). Determine v(x).
-2
Let r be 3/(-15) + (-33)/(-15). Let o(w) = 2*w**3 - 3*w**2 + 2*w - 3. What is o(r)?
5
Let k(a) = -a - 5. Let g(p) be the third derivative of p**3/6 - p**2. Let l(n) = g(n) + k(n). Determine l(-3).
-1
Suppose -4*f = -8 - 4. Suppose f*p + 0*p = -4*k + 18, -k = -3. Let s(t) be the first derivative of -t**4/4 + t**3 - 3*t**2/2 + t - 2. Give s(p).
-1
Let c(s) = s**3 + 6*s**2 - 9*s - 10. Let r(o) = -2*o - 2. Let v be r(-3). Suppose -k = v*k + 35. Determine c(k).
4
Let h(o) = o**2 - 4*o + 5. Let u be h(4). Let y = -9 + u. Let f(s) be the second derivative of s**4/12 + 5*s**3/6 - 5*s**2/2 - s. What is f(y)?
-9
Suppose 0 = y + 4, -2*a - 3*y - 24 = -0*a. Let m(u) = u**3 + 6*u**2 - 1. Let p be m(a). Let t(q) = 4*q - 2*q**2 - 5*q + 8*q**2 - 1. Give t(p).
6
Suppose -3*x - 2*w = -0*w - 12, -3*x = -5*w + 9. Suppose x*t = 5*t. Let i(k) = -k - 7 - 7 + 6. Determine i(t).
-8
Suppose 9 = a + 3*a + q, -2*a - 5*q = -27. Let g(b) be the first derivative of 11*b**3/3 - b + 17. Calculate g(a).
10
Let q(h) = -h - 9. Suppose -9 = -4*f - 5*d, -20 = -d - 3*d. What is q(f)?
-5
Suppose 0 = 5*n + 2*g + 2*g - 30, -24 = -4*n + 4*g. Suppose n - 2 = 2*y. Let s(a) = 2*a + 2*a + 1 - 2*a**y + 0*a**2 + 3*a**2. Give s(-4).
1
Let t(o) be the first derivative of -o**4/4 + 4*o**3/3 - o**2 - o + 1. Let d(y) = y + 6. Let s be d(-7). Let z = s - -4. Determine t(z).
2
Let z(c) = -c**2 - 4*c + 5. Suppose 0 = -0*p + 2*p + 8. Let d be z(p). Let j(x) = x**3 + 4*x**2 - 2*x**3 + x**3 + 4*x + 4 - x**3. What is j(d)?
-1
Let h(c) = -c**2 + 1. Suppose -3*g + 2*z = -3, -4*g = 3*z + 1 + 12. Let m be (1 + 1)*g*2. Let n = 6 + m. What is h(n)?
-3
Suppose 4*b - 7 = 1. Suppose 2*p = -2*o + 16, b*p = 3*o + 2*o - 5. Let s(d) = d - 9. Calculate s(p).
-4
Let s(t) be the third derivative of t**4/6 + 5*t**3/6 - 3*t**2 + t. Determine s(-4).
-11
Let a(o) be the third derivative of -1/20*o**5 + 5/24*o**4 - o**2 + 0*o + 0 - 1/120*o**6 + 1/3*o**3. Give a(-4).
-2
Let a(x) = -3*x**3 - 4*x**2 - 2*x + 2. Let g(w) = 4*w**3 + 5*w**2 + 3*w - 2. Let s(h) = 3*a(h) + 2*g(h). Let p be (4 - 1 - 0)/(-1). Calculate s(p).
11
Let j be 2*6/(-4) + 7. Let s(b) = 0 + 3*b + 0 + j. What is s(-3)?
-5
Suppose -40*a + 12 = -38*a. Let g(q) = -q**2 + 6*q - 3. Give g(a).
-3
Suppose 3*z - 2*k + 6 + 2 = 0, -4*k + 16 = -2*z. Let h(m) be the third derivative of 0 + z*m + 1/24*m**4 - m**2 - 2/3*m**3. Calculate h(3).
-1
Let n(c) be the first derivative of c**3/3 + 2*c**2 - 3*c + 4. Determine n(-4).
-3
Let l(r) be the first derivative of 3*r**2/2 - 3*r - 2. Let j(a) = -a - 1. Let k(n) = 4*j(n) + l(n). Calculate k(-5).
-2
Let r(p) = -p**2 + 3*p + 4. Let s(v) = -v**3 - 5*v**2 - 6*v + 3. Let z be (-14)/21 - (-7)/(-3). Let j be s(z). What is r(j)?
4
Let c be ((-4)/(-6))/(2/(-6)). Let j(y) be the second derivative of 2*y + 0 - 1/3*y**3 - y**2 - 1/12*y**4. Give j(c).
-2
Suppose 4*z = -20 - 12. Let w = z - -13. Let u(c) be the second derivative of c**3/6 - 11*c**2/2 + 2*c. Determine u(w).
-6
Let r(c) be the first derivative of 7*c**3/3 - 1. Suppose 0 = 3*z + z - 36. Suppose -3*w = 4*n - 0*n - z, -2*w = -n + 5. Determine r(w).
7
Let q = -22 - -25. Let i(c) = -2*c**2 + 3*c + 3. Calculate i(q).
-6
Let u(z) = -4*z**3 - 2*z**2 + 1. Let t(p) = 2*p**2 + p. Let o be t(3). Let k be (-6)/o + (-27)/(-21). Determine u(k).
-5
Let u(h) = 3*h - 1. Let s be u(1). Let k(z) = 1 - 3*z**3 - 3*z**3 + 2*z + 7*z**3 + 4*z**s. Let o = 11 + -15. Determine k(o).
-7
Let g(t) be the third derivative of -t**6/120 + t**5/6 + 13*t**4/24 - 13*t**3/6 + 37*t**2 - t. Calculate g(11).
9
Let p(n) = -n**3 - 2*n**2 - 2*n - 1. Suppose -24 = -k - 2*k. Let h(t) = t - 4. Let x be h(k). Suppose -4*i = -x + 12. Determine p(i).
3
Let u(j) be the first derivative of 0*j + 3 + 5/2*j**2. Give u(2).
10
Suppose d + 4 = 2*d. Let t(k) = -d + 5*k + 4*k - 3*k - 5*k. What is t(3)?
-1
Let g(h) = 5*h**3 + 11*h**2 + 7*h + 9. Let z(b) = -b**3 - b**2. Let u(a) = g(a) + 4*z(a). Let l be u(-6). Let c(y) = -2*y + 3. Give c(l).
-3
Let s(c) = 74 - 72 - c + 3*c. Determine s(4).
10
Let a(z) = -6 + 2 + 0 + 3*z + z**2. Let y = 6 - 4. Suppose -2*r + 3 - 8 = i, -y*r = 4*i - 10. Calculate a(r).
6
Suppose 0 = 3*g - 3*t, -4*g + 3*g - 4 = -2*t. Suppose -g*o - 6 = 10. Let k(x) = -x**2 - 2*x + 5. Give k(o).
-3
Suppose -5*h + 3*i + 18 = -5, i = h - 5. Let k(m) = -m + 2. Determine k(h).
-2
Let l(q) be the third derivative of -q**4/24 + 3*q**3/2 - q**2. Suppose 3*g + 4*d = 32, 3 = -4*g + 4*d - 1. What is l(g)?
5
Let z(n) be the first derivative of n**2/2 - n + 5. Determine z(-4).
-5
Let v(k) = 0 - 29*k - 2*k**3 + 4 - k**2 + k**3 + 30*k. Let m be 3/(-6)*(-1 - -1). What is v(m)?
4
Let j(k) be the second derivative of -k**3/6 + 9*k**2/2 + 38*k. Give j(9).
0
Let t(d) = -d + 1. Let a = -2 - -5. Suppose x - 3*n = -n, 4*x - 11 = -a*n. Suppose 4*v = -6*q + q + 24, -v + 9 = x*q. Determine t(q).
-3
Let y(c) = 6*c**2 + c + 7. Let s(j) = -7*j**2 - 2*j - 8. Suppose 4 = -4*i, -2*u - 10 = -3*u + 5*i. Let q(z) = u*s(z) + 6*y(z). Determine q(4).
2
Let w(d) = -d**2 - d - 1. Let g(h) = -4*h**2 + 2*h - 4. Let t(j) = -g(j) + 5*w(j). Give t(-6).
5
Let p be (-2)/5 - (-96)/40. Suppose -4*y + p*a + 17 = 3*a, -3*y - 3*a = -15. Let m(t) = -t + 5. Give m(y).
1
Let t(z) = 6*z - 1. Let g be t(1). Let p(v) = -v - 1. Determine p(g).
-6
Let l be 2/(-5) - 4/(-10). Let b = 11 + -11. Let w be l + (1 - b - -1). Let z(h) = h**2 + h - 1. Determine z(w).
5
Let y(k) be the third derivative of -k**5/60 + 5*k**4/24 - 5*k**3/6 - 4*k**2. What is y(5)?
-5
Let k(d) = d**2 - 10*d + 12. Suppose 3*m + 4*s = 8, -5*s = -m - 4*s + 12. Give k(m).
-4
Let h(i) = -i**2. Let v(x) = x**2 - x. Let f(y) = -2*h(y) - v(y). Determine f(-1).
0
Let y(l) = 7*l**3 + l**2 + l + 6. Let m(k) = 10*k**3 + 2*k**2 + 2*k + 9. Let g(w) = 5*m(w) - 7*y(w). Let p = 13 + -15. Give g(p).
1
Let u(o) = 4*o**3 + o + 2. Let l(r) = 4*r**3 + r + 3. Let d(v) = -2*l(v) + 3*u(v). Suppose 6*g + 5 = g. Determine d(g).
-5
Let g(a) = 4*a**2 + 2*a**2 - 5*a**2 + 6*a**2. Calculate g(1).
7
Suppose l - 2*l = -2. Let i(q) be the third derivative of q**5/60 - q**4/6 + q**3/2 + 17*q**2. Calculate i(l).
-1
Let l(q) = -3*q - 3. Let r(z) = -4*z - 2. Let b(u) = -5*l(u) + 4*r(u). Give b(0).
7
Suppose -4*h - 18 = -2. Let n(i) = -i**2 - 3*i + 3. Calculate n(h).
-1
Let d(p) = -p - 6. Let a be d(-9). Suppose 1 = -4*y - a. Let v(l) = 3*l + 1. What is v(y)?
-2
Let y(f) = 2*f**2 + 2*f - 3*f**2 + 0*f**2 - 1. Let o(q) = q**2 - 11*q + 8. Let h = 16 + -6. Let c be o(h). Calculate y(c).
-9
Let s(n) = -n**3 - 4*n**2 + 2*n - 7. Suppose 3*x = -x - 4. Let g(j) = -5*j**2 + 2*j + 2. Let l be g(x). Give s(l).
8
Let d(l) be the second derivative of -4*l**3/3 + l**2/2 - l. What is d(-1)?
9
Let y(o) = o**3 - 4*o**2 + o. Let a(c) = -c**3 + 8*c**2 - c + 10. Let s be a(8). Determine y(s).
-6
Let c(d) = -d + 8. Suppose -3*j + 15 = 3*n, 0 = 4*n - j - 3 + 8. Suppose 0 = -n*v + 3*v. What is c(v)?
8
Suppose -2*z + 5*k = 3*z + 5, -5*z + 2*k = -4. Let u(j) = 6*j - 2*j + 0*j. What is u(z)?
8
Let k(o) = 2*o**3 + 4*o**2 + 2*o + 6. Let w(y) = -6*y**3 - 12*y**2 - 6*y - 17. Let a(m) = 17*k(m) + 6*w(m). Calculate a(-2).
4
Let q = -3 - -4. Let b(i) = 5*i**2. Let k be b(q). Let f(x) = x**2 - 5*x - 7. Calculate f(k).
-7
Let d(z) = z**3 - 4*z**2 + 3*z - 2. Let j(u) = -u**2 - 4*u - 1. Let s be j(-2). Give d(s).
-2
Let r(o) be the third derivative of -o**5/60 + o**4/4 - o**3/3 + 20*o**2 - 2. What is r(3)?
7
Let d(b) = 0*b - 2*b - 5*b**2 + 0*b**3 + 2*b**3 + 3*b**2 + 3. What is d(2)?
7
Let u = 334 + -340. Let a(s) = -s**3 + 5*s**2 + 5*s + 2. Let d(v) = 0 - 2 + 6 - 3*v**3 + 9*v + 9*v**2. Let t(r) = -5*a(r) + 2*d(r). What is t(u)?
4
Let p(q) = 3*q - 3. Suppose -3*i = f - 30, 4 = -2*f + 5*i + 42. Suppose -5*k + 9 = -2*x, 3*x + 2*k + 3*k - f = 0. What is p(x)?
6
Suppose 2*o - 15 = -5*h, 5*h - 4 = 11. Suppose 2*n - 3 = -a, 3*n - 6*n + a + 2 = o. Let l be (n/2)/((-2)/(-4)). Let k(r) = -r**3 + r**2 - 2*r + 1. Give k(l).
-1
Let q = 6 - 0. Suppose q = 2*s - 6. Let k be (s/(-15))/(2/(-10)). Let p(o) = o**3 - 3*o**2 + 2*o - 3. Determine p(k).
-3
Suppose 0 = -3*w - 16 + 1. Let f(s) be the third derivative of -s**4/6 